{"id":5118,"date":"2023-11-26T20:26:01","date_gmt":"2023-11-26T20:26:01","guid":{"rendered":"http:\/\/nicewaistcoat.com\/wordpress\/?page_id=5118"},"modified":"2023-11-28T22:53:32","modified_gmt":"2023-11-28T22:53:32","slug":"percy-the-parrots-poem","status":"publish","type":"page","link":"http:\/\/nicewaistcoat.com\/wordpress\/p-poems\/percy-the-parrots-poem\/","title":{"rendered":"Percy the Parrot\\&#8217;s Poem"},"content":{"rendered":"<p> Percy the Parrot&#8217;s Poem<br \/>\nby cricketjeff on July 1, 2011.\u00a0 \u00a9 Jeff Green, All rights reserved<br \/>\nThe room was neat and tidy and the TV wasn&#8217;t on<br \/>\nThe chairs stood straight as soldiers and the silver teapot shone<br \/>\nAn air of expectation hung a welcome on the door<br \/>\nWith the sound of patient pacing on the floor<\/p>\n<p>And Percy the Parrot said &#8220;Pieces of Eight&#8221;<br \/>\nAnd &#8220;Give us a cracker&#8221; and &#8220;Who&#8217;s yer best mate?&#8221;<br \/>\nWhile the pendulum swung to and fro<\/p>\n<p>So many preparations, put the kettle on to boil,<br \/>\nThe kitchen door&#8217;s still squeaky better fetch a drop of oil<br \/>\nHave to plump up every cushion, have to rearrange the cats<br \/>\nAnd centre both the plates on both the mats<\/p>\n<p>And Percy the Parrot said &#8220;Turn out the light&#8221;<br \/>\n&#8220;It isn&#8217;t a promise&#8221; and &#8220;Corr, what a sight!&#8221;<br \/>\nWhile the pendulum swung to and fro<\/p>\n<p>The clock he always talks to starts to play its hourly chime<br \/>\nHis face is grey and haunted like he&#8217;s swallowed half a lime<br \/>\nNo sound of wheezy breathing till he hears the garden gate<br \/>\nWho knows if he&#8217;d recover if she&#8217;s late<\/p>\n<p>And Percy the Parrot said &#8220;That wasn&#8217;t me!&#8221;<br \/>\n&#8220;Who&#8217;s ever so pretty&#8221; and &#8220;Bring me some tea&#8221;<br \/>\nWhile the pendulum swung too and fro<\/p>\n<p>His heart&#8217;s alive with laughter when she presses on the bell<br \/>\nAnd the kettle starts to whistle and the scones give out their smell<br \/>\nBut now&#8217;s our time to leave them, it&#8217;s a t\u00eate-\u00e0-t\u00eate for two<br \/>\nHe hasn&#8217;t set a place for me and you<\/p>\n<p>And Percy the Parrot has nothing to say<br \/>\nThe cats are both sleeping it&#8217;s not time for play<br \/>\nAnd the pendulum swings to and fro<\/p>\n","protected":false},"excerpt":{"rendered":"<p>Percy the Parrot&#8217;s Poem by cricketjeff on July 1, 2011.\u00a0 \u00a9 Jeff Green, All rights reserved The room was neat and tidy and the TV wasn&#8217;t on The chairs stood straight as soldiers and the silver teapot shone An air of expectation hung a welcome on the door With the sound of patient pacing on [&hellip;]<\/p>\n","protected":false},"author":1,"featured_media":0,"parent":9734,"menu_order":0,"comment_status":"closed","ping_status":"closed","template":"","meta":{"footnotes":""},"class_list":["post-5118","page","type-page","status-publish","hentry"],"_links":{"self":[{"href":"http:\/\/nicewaistcoat.com\/wordpress\/wp-json\/wp\/v2\/pages\/5118","targetHints":{"allow":["GET"]}}],"collection":[{"href":"http:\/\/nicewaistcoat.com\/wordpress\/wp-json\/wp\/v2\/pages"}],"about":[{"href":"http:\/\/nicewaistcoat.com\/wordpress\/wp-json\/wp\/v2\/types\/page"}],"author":[{"embeddable":true,"href":"http:\/\/nicewaistcoat.com\/wordpress\/wp-json\/wp\/v2\/users\/1"}],"replies":[{"embeddable":true,"href":"http:\/\/nicewaistcoat.com\/wordpress\/wp-json\/wp\/v2\/comments?post=5118"}],"version-history":[{"count":1,"href":"http:\/\/nicewaistcoat.com\/wordpress\/wp-json\/wp\/v2\/pages\/5118\/revisions"}],"predecessor-version":[{"id":6389,"href":"http:\/\/nicewaistcoat.com\/wordpress\/wp-json\/wp\/v2\/pages\/5118\/revisions\/6389"}],"up":[{"embeddable":true,"href":"http:\/\/nicewaistcoat.com\/wordpress\/wp-json\/wp\/v2\/pages\/9734"}],"wp:attachment":[{"href":"http:\/\/nicewaistcoat.com\/wordpress\/wp-json\/wp\/v2\/media?parent=5118"}],"curies":[{"name":"wp","href":"https:\/\/api.w.org\/{rel}","templated":true}]}}