{"id":5365,"date":"2023-11-26T20:25:32","date_gmt":"2023-11-26T20:25:32","guid":{"rendered":"http:\/\/nicewaistcoat.com\/wordpress\/?page_id=5365"},"modified":"2023-11-27T22:42:57","modified_gmt":"2023-11-27T22:42:57","slug":"apres-nous-le-deluge","status":"publish","type":"page","link":"http:\/\/nicewaistcoat.com\/wordpress\/a-poems\/apres-nous-le-deluge\/","title":{"rendered":"Apr\u00e8s Nous, le D\u00e9luge"},"content":{"rendered":"<p> Apr\u00e8s Nous, le D\u00e9luge<br \/>\nby cricketjeff on June 11, 2012.\u00a0 \u00a9 Jeff Green, All rights reserved<br \/>\nIt won&#8217;t be long until we&#8217;re underwater,<br \/>\nThese Summer showers are interspersed with rain.<br \/>\nThe English weather won&#8217;t do what it ought&#8217;a<br \/>\nThere&#8217;s too much rain too gurgle down the drain.<\/p>\n<p>A thunderstorm can be a pleasant feature<br \/>\nWhen temperatures climb higher than you like<br \/>\nBut constant rain depresses every creature<br \/>\nThat&#8217;s any less aquatic than a pike.<\/p>\n<p>What&#8217;s happened to the balmy days of Summer,<br \/>\nWhich made a life much easier to take?<br \/>\nI look around at colleagues growing glummer<br \/>\nAs parks and streets become one muddy lake.<\/p>\n<p>The lowering clouds have washed our smiles away<br \/>\nNow every cricket card says &#8220;Rain Stopped Play&#8221;<\/p>\n<p> Author notes<br \/>\nThe South East of England had the whole of June&#8217;s average rainfall in the last<br \/>\n18 hours, it isn&#8217;t forecast to stop any time soon.<\/p>\n","protected":false},"excerpt":{"rendered":"<p>Apr\u00e8s Nous, le D\u00e9luge by cricketjeff on June 11, 2012.\u00a0 \u00a9 Jeff Green, All rights reserved It won&#8217;t be long until we&#8217;re underwater, These Summer showers are interspersed with rain. The English weather won&#8217;t do what it ought&#8217;a There&#8217;s too much rain too gurgle down the drain. A thunderstorm can be a pleasant feature When [&hellip;]<\/p>\n","protected":false},"author":1,"featured_media":0,"parent":9692,"menu_order":0,"comment_status":"closed","ping_status":"closed","template":"","meta":{"footnotes":""},"class_list":["post-5365","page","type-page","status-publish","hentry"],"_links":{"self":[{"href":"http:\/\/nicewaistcoat.com\/wordpress\/wp-json\/wp\/v2\/pages\/5365","targetHints":{"allow":["GET"]}}],"collection":[{"href":"http:\/\/nicewaistcoat.com\/wordpress\/wp-json\/wp\/v2\/pages"}],"about":[{"href":"http:\/\/nicewaistcoat.com\/wordpress\/wp-json\/wp\/v2\/types\/page"}],"author":[{"embeddable":true,"href":"http:\/\/nicewaistcoat.com\/wordpress\/wp-json\/wp\/v2\/users\/1"}],"replies":[{"embeddable":true,"href":"http:\/\/nicewaistcoat.com\/wordpress\/wp-json\/wp\/v2\/comments?post=5365"}],"version-history":[{"count":1,"href":"http:\/\/nicewaistcoat.com\/wordpress\/wp-json\/wp\/v2\/pages\/5365\/revisions"}],"predecessor-version":[{"id":6143,"href":"http:\/\/nicewaistcoat.com\/wordpress\/wp-json\/wp\/v2\/pages\/5365\/revisions\/6143"}],"up":[{"embeddable":true,"href":"http:\/\/nicewaistcoat.com\/wordpress\/wp-json\/wp\/v2\/pages\/9692"}],"wp:attachment":[{"href":"http:\/\/nicewaistcoat.com\/wordpress\/wp-json\/wp\/v2\/media?parent=5365"}],"curies":[{"name":"wp","href":"https:\/\/api.w.org\/{rel}","templated":true}]}}